{"id":151,"date":"2018-10-20T16:17:44","date_gmt":"2018-10-20T16:17:44","guid":{"rendered":"http:\/\/physiotherapie-plass.de\/?page_id=151"},"modified":"2020-01-05T08:43:06","modified_gmt":"2020-01-05T08:43:06","slug":"leistungen-2","status":"publish","type":"page","link":"https:\/\/physiotherapie-plass.de\/?page_id=151","title":{"rendered":"Leistungen"},"content":{"rendered":"<h5>Verschenken Sie Wohlbefinden.<\/h5>\n<h5>Gerne erstellen wir Ihnen entsprechende Gutscheine. Sprechen Sie uns einfach an.<\/h5>\n<h3>\u00a0<\/h3>\n<h3>Unsere Leistungen f\u00fcr Sie:<\/h3>\n<p>\u00a0<\/p>\n<h3>Orthop\u00e4disch<\/h3>\n<p style=\"text-align: center;\">Manuelle Therapie<\/p>\n<p style=\"text-align: center;\">Skoliosetherapie nach Katharina Schroth<\/p>\n<p style=\"text-align: center;\">Kiefergelenksbehandlung (Cranio-Mandibul\u00e4re-Dysfunktion CMD)<\/p>\n<p style=\"text-align: center;\">Extensionsbehandlungen<\/p>\n<p style=\"text-align: center;\">Schlingentisch<\/p>\n<p style=\"text-align: center;\">Wirbels\u00e4ulenbehandlungen<\/p>\n<p>\u00a0<\/p>\n<h3>Ganzheitlich<\/h3>\n<p style=\"text-align: center;\">Manuelle Lymphdrainage nach Asdonk<\/p>\n<p style=\"text-align: center;\">Krankengymnastik<\/p>\n<p style=\"text-align: center;\">Propriozeptive Neuromuskul\u00e4re Fazilitation (PNF)<\/p>\n<p style=\"text-align: center;\">Elektrotherapie<\/p>\n<p style=\"text-align: center;\">Atemtherapie<\/p>\n<p style=\"text-align: center;\">Entspannungstechniken<\/p>\n<p style=\"text-align: center;\">Becken-Boden-Gymnastik<\/p>\n<p style=\"text-align: center;\">Eisbehandlungen<\/p>\n<p>\u00a0<\/p>\n<h3>Massagetechniken<\/h3>\n<p style=\"text-align: center;\">Klassische Massagetherapie<\/p>\n<p style=\"text-align: center;\">Wellnessmassagen<\/p>\n<p style=\"text-align: center;\">Breuss Massagen<\/p>\n<p style=\"text-align: center;\">Rotlicht<\/p>\n<p>\u00a0<\/p>\n<h3>Alternative Therapien<\/h3>\n<p style=\"text-align: center;\">Wirbels\u00e4ulenbehandlung nach Dorn und Breuss<\/p>\n<p style=\"text-align: center;\">Hippotherapie<\/p>\n<p style=\"text-align: center;\">Fu\u00dfreflexzonenmassage<\/p>\n<h3>\u00a0<\/h3>\n<h3>Ganzheitlich therapeutische Behandlungen<\/h3>\n\n\n<p><\/p>\n","protected":false},"excerpt":{"rendered":"<p>Verschenken Sie Wohlbefinden. Gerne erstellen wir Ihnen entsprechende Gutscheine. Sprechen Sie uns einfach an. \u00a0 Unsere Leistungen f\u00fcr Sie: \u00a0 Orthop\u00e4disch Manuelle Therapie Skoliosetherapie nach Katharina Schroth Kiefergelenksbehandlung (Cranio-Mandibul\u00e4re-Dysfunktion CMD) Extensionsbehandlungen Schlingentisch Wirbels\u00e4ulenbehandlungen \u00a0 Ganzheitlich Manuelle Lymphdrainage nach Asdonk Krankengymnastik Propriozeptive Neuromuskul\u00e4re Fazilitation (PNF) Elektrotherapie Atemtherapie Entspannungstechniken Becken-Boden-Gymnastik Eisbehandlungen \u00a0 Massagetechniken Klassische Massagetherapie Wellnessmassagen Breuss &hellip; <a href=\"https:\/\/physiotherapie-plass.de\/?page_id=151\" class=\"more-link\"><span class=\"screen-reader-text\">Leistungen<\/span> weiterlesen <span class=\"meta-nav\">&rarr;<\/span><\/a><\/p>\n","protected":false},"author":1,"featured_media":164,"parent":0,"menu_order":0,"comment_status":"closed","ping_status":"closed","template":"","meta":{"_exactmetrics_skip_tracking":false,"_exactmetrics_sitenote_active":false,"_exactmetrics_sitenote_note":"","_exactmetrics_sitenote_category":0,"footnotes":""},"class_list":["post-151","page","type-page","status-publish","has-post-thumbnail","hentry"],"_links":{"self":[{"href":"https:\/\/physiotherapie-plass.de\/index.php?rest_route=\/wp\/v2\/pages\/151","targetHints":{"allow":["GET"]}}],"collection":[{"href":"https:\/\/physiotherapie-plass.de\/index.php?rest_route=\/wp\/v2\/pages"}],"about":[{"href":"https:\/\/physiotherapie-plass.de\/index.php?rest_route=\/wp\/v2\/types\/page"}],"author":[{"embeddable":true,"href":"https:\/\/physiotherapie-plass.de\/index.php?rest_route=\/wp\/v2\/users\/1"}],"replies":[{"embeddable":true,"href":"https:\/\/physiotherapie-plass.de\/index.php?rest_route=%2Fwp%2Fv2%2Fcomments&post=151"}],"version-history":[{"count":7,"href":"https:\/\/physiotherapie-plass.de\/index.php?rest_route=\/wp\/v2\/pages\/151\/revisions"}],"predecessor-version":[{"id":319,"href":"https:\/\/physiotherapie-plass.de\/index.php?rest_route=\/wp\/v2\/pages\/151\/revisions\/319"}],"wp:featuredmedia":[{"embeddable":true,"href":"https:\/\/physiotherapie-plass.de\/index.php?rest_route=\/wp\/v2\/media\/164"}],"wp:attachment":[{"href":"https:\/\/physiotherapie-plass.de\/index.php?rest_route=%2Fwp%2Fv2%2Fmedia&parent=151"}],"curies":[{"name":"wp","href":"https:\/\/api.w.org\/{rel}","templated":true}]}}